t l(y) = 26*y**3 - 20*y**2 - 23*y - 12. Let h(j) = -5*j**3 + 5*j**2 + j - 1. Let q(k) = -5*h(k) - l(k). Determine q(-7).
-11
Let g(o) = o**2 - 5*o + 2. Let c(d) = 6*d**2 - d. Suppose -5*z + 5*s + 10 = 0, -15*z + 18*z + 2 = -5*s. Let k be c(z). Calculate g(k).
2
Let q(p) = p**3 + 5*p**2 - 2*p - 6. Suppose -w - 6*b = -3*b + 18, 0 = 4*w - 2*b + 44. Let s(j) = -5*j**2 - 61*j - 17. Let m be s(w). Determine q(m).
4
Let b = 754 + -501. Let s = 257 - b. Let o(c) = 5*c - 13. Calculate o(s).
7
Let a be -2 + (3 + -1 + -4 - -3). Let k be (a/3)/(9/(-189)). Let g(i) = -i**3 + 8*i**2 - 9*i - 7. What is g(k)?
-21
Let o be ((-36)/8)/9 + (-20)/8. Let s be 2 - (o - (1 + 4)). Let h(c) = c**2 - 9*c + 3. Determine h(s).
13
Let u(a) = -2*a + 55. Let m(v) = -2*v + 54. Let i(t) = -6*m(t) + 5*u(t). Suppose 918*n - 923*n - h + 130 = 0, -5*h + 2 = n. What is i(n)?
5
Let d(p) be the third derivative of 3*p**5/5 - 13*p**2 - 22*p. Give d(-1).
36
Let r(i) = -4*i - 15. Let l(c) = -c + 19. Let k be l(14). Suppose 4*t + 26 + 6 = -4*w, k*t + w + 28 = 0. Calculate r(t).
5
Let h(t) = 5576*t + 6*t**2 - 5577*t - 2 - 3*t**2. What is h(2)?
8
Let k(i) be the first derivative of -i**2/2 + 9*i - 8. Let t be k(5). Suppose -t*s - 4 = 0, 3*s - 4*s = 5*n + 1. Let z(d) = -d**2 + 5. What is z(n)?
5
Let j(u) = -u**2 - 16*u - 59. Let q(m) = -77*m**3 - 545*m**2 - 42*m - 10. Let o be q(-7). What is j(o)?
1
Let p(k) = 19 - 327 + 9*k**2 + 304 + 5*k. Calculate p(2).
42
Let s(k) = -13*k**3 + 2*k**2 - 1. Let g(i) be the third derivative of 0*i + 11*i**2 + 1/6*i**4 + 13/6*i**3 + 0. Let l be g(-3). What is s(l)?
-12
Let g(s) = 203*s**2 - 2*s - 15 - 10 - 209*s**2 + 24. Determine g(-1).
-5
Let d(c) = -c**3 + 13*c**2 - 32*c + 7. Let y be (1/1)/(8 + 316/(-40)). Determine d(y).
-13
Let l = -13733 - -13740. Let f(h) = -h**2 + 93*h - 603. Calculate f(l).
-1
Let t be 24 - 8/12*(-3 + 0). Let r = -25 + t. Let g(y) = 2*y - 6 + 1 - 1 - r. Determine g(5).
3
Let v(d) be the first derivative of -d**2/2 + 4*d + 973. Suppose -3*b - 10 = -2*n + 15, 4*n - b = 35. Give v(n).
-4
Let w be (-14)/(-1) + -7*-5*10/175. Let y(o) = -8*o**2 + 127*o + 16. Determine y(w).
0
Suppose -4*c - 15 = 2*d - 3*c, 5*d + 4*c = -30. Let a = -12 - d. Let h(i) = 3*i**2 + 4*i**3 + 2*i + 2*i + 47685 - 47683. What is h(a)?
-26
Let s(t) = t**2 + 18*t + 8. Let z be s(-18). Suppose -3*r + 0*r - z = -b, 0 = 3*b - r - 8. Let p(o) = -b*o - o - 32 + 33 + 4*o. Determine p(-2).
-1
Let k(q) = -q**3 + 46*q**2 - 445*q - 47. Let f be k(14). Let p(r) be the first derivative of -r**3/3 - 5*r**2/2 + 5*r + 1. Determine p(f).
5
Let q(j) = -5*j - 1. Let o(u) = u - 1. Let x(k) = 2*o(k) + q(k). Let t(b) = 4 + b + 3*b - 20 - 20*b. Let i(s) = -2*t(s) + 11*x(s). What is i(10)?
-11
Suppose 0 = -4*f - 7*f. Let p(x) = 16*x**3 + 21*x**3 + 13 - 36*x**3. Determine p(f).
13
Let g(a) be the second derivative of -a**5/20 - 7*a**4/6 - 5*a**3/3 + 23*a**2/2 + 2378*a. Determine g(-13).
-16
Let d be (5 + -6)*(2 - 3). Let h(q) = 1 + 3*q - 7*q + 0 + d. Let w = 139 - 137. Give h(w).
-6
Let f(j) be the third derivative of -1/6*j**3 + 41 - 1/8*j**4 + 2*j**2 + 0*j. Give f(4).
-13
Let z(y) = -y**3 + 25*y**2 - 62*y + 379. Let d be z(23). Let w(i) = -i**3 + 11*i**2 + 2*i - 8. Give w(d).
14
Let f(l) be the first derivative of -l**4/4 - 2*l**3/3 + 6*l**2 + 17*l - 207. Let o be f(-4). Let i(t) = -6*t**2 + t. What is i(o)?
-5
Let q = -22 + 27. Let f(a) = 2 + 0 + 4*a**2 - 4*a**3 + 8*a - 3 + 6. Let n(s) = s**3 - s - 1. Let t(y) = -f(y) - 3*n(y). Determine t(q).
-2
Let z be (2*(-6)/15)/((-2)/15). Let x(h) = -4*h - 7. Let j = -51 + 56. Let i(q) = 5*q + 8. Let p(s) = j*i(s) + z*x(s). Calculate p(-6).
-8
Let u(o) = 5*o**3 - 3*o**2 - 11 + 2*o - 5*o**2 - 4*o**3. Suppose -2*c + 1173*z + 12 = 1175*z, -3*z - 46 = -5*c. What is u(c)?
5
Let c(v) = -v**3 - v**2 - 5*v - 13. Let q(h) = -2*h**3 + 4*h**2 - 2*h - 8. Let u be q(-1). Determine c(u).
-13
Let v(i) = 2*i**2 - 7*i + 4. Let m be v(4). Let z(y) = 4*y**2 + 2*y + 3. Let f(x) = -11*x**2 - 7*x - 11. Let s(u) = m*z(u) + 3*f(u). Calculate s(-6).
-15
Let j = -154 + 147. Let f(a) = -5*a**3 + 2*a**2 + 5*a - 6. Let d(z) = -9*z**3 + 5*z**2 + 10*z - 12. Let k(h) = -6*d(h) + 11*f(h). Calculate k(j).
-8
Let a(w) = -2*w - 20. Suppose 320 = -1138*x + 1118*x. What is a(x)?
12
Let m(q) = -474835*q - 3*q**2 + 237418*q - 2*q**2 + 20 - q**3 + 237427*q. Calculate m(-3).
-28
Let v(h) be the first derivative of h**4/4 - 7*h**3/3 - 4*h**2 - 3*h + 392. Suppose -4*z = -14 + 46. Let d be (0 - -8)*(-7 - z). Determine v(d).
-3
Let s(d) = -26*d - 7. Let f(c) = 14*c + 4. Let n(p) = -5*f(p) - 3*s(p). Let a(r) = 3*r - 47. Let y be a(15). What is n(y)?
-15
Suppose -5*o + 4*p + 19 = 0, -p - 12 = -3*o + 2*p. Let k(a) = -5*a**3 - 6*a + 7*a**3 + 6*a**2 - 4*a**3 + a**3 - 7 + 0*a**o. What is k(5)?
-12
Suppose -5*g + 2*x + 112 = 0, 6*g - 9*g - 4*x = -62. Let d(l) = 42*l - g*l - 12*l. Calculate d(2).
16
Let i(k) = -2968 - 2969 - 6*k - 2950 + 8856. What is i(-8)?
17
Let t(l) = -l**3 - 6*l**2 - 2*l - 10. Let u = 889 - 895. Determine t(u).
2
Let j(t) be the third derivative of t**7/720 - t**6/720 - 71*t**5/60 - 2*t**2 + 28. Let b(f) be the third derivative of j(f). Give b(2).
13
Let b(c) be the third derivative of -c**5/60 - c**4/24 + 7*c**3/6 - 15*c**2 + 24*c. What is b(0)?
7
Let c(b) = -223 + 11 - 24 + 32*b - 38*b. Determine c(-40).
4
Let u(f) = -f + 8. Suppose -5*x - 45 + 15 = 0. Give u(x).
14
Let a(g) = -g - 2. Let c = 55 - 52. Suppose j + 23 = -2*h, c*h - 87 = -j + 4*j. Let i = -23 - j. What is a(i)?
-6
Let z(g) = -3*g + 4*g - 35337*g**3 + 18 - 8*g + 35336*g**3 + 9*g**2. Calculate z(9).
-45
Let p(a) = -4*a + 912. Let o(q) = 5*q - 629. Let u(r) = 3*o(r) + 2*p(r). Calculate u(13).
28
Suppose 0 = -a - 2*u - 8, 5*a = 5*u - 10*u - 30. Let n(h) = -6*h + 33. Give n(a).
57
Let o(f) be the second derivative of f**3/3 + 3*f**2 - 5*f. Let c(u) = -u**3 - u**2 + u + 2. Let m be c(-1). Let j be 0 - (m + -4 + 7). Determine o(j).
-2
Suppose -3*z - 2*d = -10, -2*d = z - 7*d + 8. Let v(b) = b**3 + b**2 + b + 5. Let y be v(0). Let a(q) = -5*q - z*q - y + 12*q**2 - 7*q**2 - 6*q**2. Give a(-8).
-13
Let u be (8*(-3)/(-42))/((42/98)/3). Let b(g) = -g**2 + 9*g - 29. Calculate b(u).
-9
Let v(w) be the first derivative of -2*w**2 - 14*w + 1/6*w**3 - 28. Let g(o) be the first derivative of v(o). Determine g(-6).
-10
Let m(x) = -x**3 - 25*x**2 + 54*x - 9. Let t be m(-27). Let f(w) = -2*w**2 - 14*w + 19. Give f(t).
-17
Let a = -11 - 3. Let l be (2/2)/(-1) + a. Let t = l + 17. Let b(u) = -u**2 - u. Give b(t).
-6
Suppose 0 = -3*l - 3*f - 15, 29 = -3*l - l + 5*f. Let x(u) = -4 - u**2 + 1051*u + 10 - 535*u - 519*u. What is x(l)?
-12
Let v = 4 - 2. Let d(u) = 2 - u**v - 2 + 5*u. Suppose n = -4*g + 11, g - 226*n + 1 = -227*n. Give d(g).
4
Let s(n) = n**3 + 11*n**2 - 7*n + 1. Let o be 16/(-14)*(-4011)/(-382). Determine s(o).
-59
Let h = 1482 - 1464. Let v(k) = 4*k - 79. What is v(h)?
-7
Suppose 3434*y - 26 = 3460*y. Let c(l) = 24*l**2. Determine c(y).
24
Let k(w) be the first derivative of -w**6/360 - 3*w**5/40 - w**4/4 + 5*w**3 + 4*w + 104. Let y(h) be the third derivative of k(h). Give y(-3).
12
Let g(z) = -106*z**3 + 15*z**2 - 51*z**3 - 12 - 1 + 156*z**3 + 2*z. Suppose -13 = 2*m - 43. Give g(m).
17
Let p(w) = 8*w - 2. Let r be 1/(48/(-18)) - (-175)/40. Suppose 4*a + 8 = u, -5*u + 11 = 5*a - r. Determine p(a).
-10
Let z(l) = 3*l**3 - 5*l - 406*l**2 - 8*l**3 + 3*l**3 + 0 - 4 + 411*l**2. Determine z(4).
-72
Let b(q) = -23*q - 1. Let d(i) = -4*i + 1. Let y = -92 - -93. Let x(m) = y*b(m) - 6*d(m). Determine x(10).
3
Let m(p) = -p**2 + 2*p + 53. Suppose -17*l = -26*l - 41*l - 400. What is m(l)?
-27
Let a(f) = f - 4. Let k(j) = 2*j**3 + 5*j**2 - 3*j + 4. Let z be k(-3). Let o be 8/3*6/z - -1. Suppose o*x + 34 = -4*q + 6*q, 2*q - 22 = 2*x. Give a(q).
3
Suppose -16*b - 3 = 3*k - 15*b, 0 = 5*b - 15. Let s be k + -24*(-3)/9. Let h(j) = 3*j + 4. Calculate h(s).
22
Let p(r) = -196*r - r**3 - 8 + 40*r**2 - 41*r**2 + 0*r**3 + 194*r. Give p(0).
-8
Let w(n) = 16*n**3. Suppose 5*l - 5*o = -80, -2*l - o - 32 = 2*o. Let p = l + 18. Suppose v = 0, v = -5*r - p*v - 5. Give w(r).
-16
Let p(d) = -2*d - 9. Let g(h) = 2*h**3 - 6*h**2 - 182*h - 12. Let f be g(-8). Let b be -3*1/(2/(-2)). Suppose 8 = 2*x, -c + 2*x = b*c + f. Determine p(c).
5
Let i(y) = -8